{"id":550,"date":"2011-11-06T14:04:22","date_gmt":"2011-11-06T14:04:22","guid":{"rendered":"http:\/\/www.grundschule-retzstadt.de\/?page_id=550"},"modified":"2025-06-01T11:44:36","modified_gmt":"2025-06-01T09:44:36","slug":"forderverein","status":"publish","type":"page","link":"http:\/\/www.grundschule-retzstadt.de\/?page_id=550","title":{"rendered":"F\u00f6rderverein"},"content":{"rendered":"\n<p><strong>Start der Croudfunding-Aktion f\u00fcr die Spielger\u00e4te im Pausenhof <\/strong><\/p>\n\n\n\n<div data-wp-interactive=\"core\/file\" class=\"wp-block-file\"><object data-wp-bind--hidden=\"!state.hasPdfPreview\" hidden class=\"wp-block-file__embed\" data=\"http:\/\/www.grundschule-retzstadt.de\/wp-content\/uploads\/2025\/06\/betterplace_2025-05-27_tearoff-5.pdf\" type=\"application\/pdf\" style=\"width:100%;height:600px\" aria-label=\"Einbettung von betterplace_2025-05-27_tearoff.\"><\/object><a id=\"wp-block-file--media-da28cdc6-c61e-4a2f-bdd1-c10102c8e58c\" href=\"http:\/\/www.grundschule-retzstadt.de\/wp-content\/uploads\/2025\/06\/betterplace_2025-05-27_tearoff-5.pdf\">betterplace_2025-05-27_tearoff<\/a><a href=\"http:\/\/www.grundschule-retzstadt.de\/wp-content\/uploads\/2025\/06\/betterplace_2025-05-27_tearoff-5.pdf\" class=\"wp-block-file__button wp-element-button\" download aria-describedby=\"wp-block-file--media-da28cdc6-c61e-4a2f-bdd1-c10102c8e58c\">Herunterladen<\/a><\/div>\n\n\n<p><a href=\"https:\/\/www.betterplace.org\/de\/projects\/155177?wirwunder=335&amp;utm_campaign=user_share&amp;utm_medium=ppp_sticky&amp;utm_source=Link&amp;utm_content=ww-sparkasse-mainfranken-wuerzburg\">https:\/\/www.betterplace.org\/de\/projects\/155177?wirwunder=335&amp;utm_campaign=user_share&amp;utm_medium=ppp_sticky&amp;utm_source=Link&amp;utm_content=ww-sparkasse-mainfranken-wuerzburg<\/a><\/p>\n<p>\u00a0<\/p>\n<p>Der F\u00f6rderverein f\u00fcr die Mittagsbetreuung ist als gemeinn\u00fctziger Verein anerkannt. Wir freuen uns \u00fcber jedes neue Mitglied.<\/p>\n<p>Machen Sie mit, nur so werden wir auch in Zukunft die Qualit\u00e4t unserer Mittagsbetreuung erhalten k\u00f6nnen!<\/p>\n<p>Sprechen Sie uns an: Frau Michaela He\u00dfd\u00f6rfer (1. Vorsitzende), Frau Anja Schmitt (Schriftf\u00fchrerin), Frau Jaqueline May (Kassier).<\/p>\n<p>Die Satzung des Vereins finden Sie <a title=\"Satzung F\u00f6rderverein\" href=\"http:\/\/www.grundschule-retzstadt.de\/Satzung des Vereins.pdf\" target=\"_blank\" rel=\"noopener\">hier<\/a>.<\/p>","protected":false},"excerpt":{"rendered":"<p>Start der Croudfunding-Aktion f\u00fcr die Spielger\u00e4te im Pausenhof https:\/\/www.betterplace.org\/de\/projects\/155177?wirwunder=335&amp;utm_campaign=user_share&amp;utm_medium=ppp_sticky&amp;utm_source=Link&amp;utm_content=ww-sparkasse-mainfranken-wuerzburg \u00a0 Der F\u00f6rderverein f\u00fcr die Mittagsbetreuung ist als gemeinn\u00fctziger Verein anerkannt. Wir freuen uns \u00fcber jedes neue Mitglied. Machen Sie mit, nur so werden wir auch in Zukunft die Qualit\u00e4t unserer Mittagsbetreuung erhalten k\u00f6nnen! Sprechen Sie uns an: Frau Michaela He\u00dfd\u00f6rfer (1. Vorsitzende), Frau Anja Schmitt (Schriftf\u00fchrerin), Frau Jaqueline May (Kassier). Die Satzung des Vereins finden Sie hier.<\/p>\n","protected":false},"author":1,"featured_media":0,"parent":545,"menu_order":1,"comment_status":"closed","ping_status":"closed","template":"","meta":{"footnotes":""},"class_list":["post-550","page","type-page","status-publish","hentry"],"_links":{"self":[{"href":"http:\/\/www.grundschule-retzstadt.de\/index.php?rest_route=\/wp\/v2\/pages\/550","targetHints":{"allow":["GET"]}}],"collection":[{"href":"http:\/\/www.grundschule-retzstadt.de\/index.php?rest_route=\/wp\/v2\/pages"}],"about":[{"href":"http:\/\/www.grundschule-retzstadt.de\/index.php?rest_route=\/wp\/v2\/types\/page"}],"author":[{"embeddable":true,"href":"http:\/\/www.grundschule-retzstadt.de\/index.php?rest_route=\/wp\/v2\/users\/1"}],"replies":[{"embeddable":true,"href":"http:\/\/www.grundschule-retzstadt.de\/index.php?rest_route=%2Fwp%2Fv2%2Fcomments&post=550"}],"version-history":[{"count":13,"href":"http:\/\/www.grundschule-retzstadt.de\/index.php?rest_route=\/wp\/v2\/pages\/550\/revisions"}],"predecessor-version":[{"id":5352,"href":"http:\/\/www.grundschule-retzstadt.de\/index.php?rest_route=\/wp\/v2\/pages\/550\/revisions\/5352"}],"up":[{"embeddable":true,"href":"http:\/\/www.grundschule-retzstadt.de\/index.php?rest_route=\/wp\/v2\/pages\/545"}],"wp:attachment":[{"href":"http:\/\/www.grundschule-retzstadt.de\/index.php?rest_route=%2Fwp%2Fv2%2Fmedia&parent=550"}],"curies":[{"name":"wp","href":"https:\/\/api.w.org\/{rel}","templated":true}]}}