{"id":523,"date":"2011-11-06T13:26:04","date_gmt":"2011-11-06T13:26:04","guid":{"rendered":"http:\/\/www.grundschule-retzstadt.de\/?page_id=523"},"modified":"2011-11-06T15:38:37","modified_gmt":"2011-11-06T15:38:37","slug":"schulleben-2","status":"publish","type":"page","link":"http:\/\/www.grundschule-retzstadt.de\/?page_id=523","title":{"rendered":"Schulleben"},"content":{"rendered":"<p>W\u00e4hlen Sie ein Untermen\u00fc f\u00fcr ein Ereignis.<\/p>\n","protected":false},"excerpt":{"rendered":"<p>W\u00e4hlen Sie ein Untermen\u00fc f\u00fcr ein Ereignis.<\/p>\n","protected":false},"author":1,"featured_media":0,"parent":0,"menu_order":0,"comment_status":"closed","ping_status":"closed","template":"","meta":{"footnotes":""},"class_list":["post-523","page","type-page","status-publish","hentry"],"_links":{"self":[{"href":"http:\/\/www.grundschule-retzstadt.de\/index.php?rest_route=\/wp\/v2\/pages\/523","targetHints":{"allow":["GET"]}}],"collection":[{"href":"http:\/\/www.grundschule-retzstadt.de\/index.php?rest_route=\/wp\/v2\/pages"}],"about":[{"href":"http:\/\/www.grundschule-retzstadt.de\/index.php?rest_route=\/wp\/v2\/types\/page"}],"author":[{"embeddable":true,"href":"http:\/\/www.grundschule-retzstadt.de\/index.php?rest_route=\/wp\/v2\/users\/1"}],"replies":[{"embeddable":true,"href":"http:\/\/www.grundschule-retzstadt.de\/index.php?rest_route=%2Fwp%2Fv2%2Fcomments&post=523"}],"version-history":[{"count":4,"href":"http:\/\/www.grundschule-retzstadt.de\/index.php?rest_route=\/wp\/v2\/pages\/523\/revisions"}],"predecessor-version":[{"id":578,"href":"http:\/\/www.grundschule-retzstadt.de\/index.php?rest_route=\/wp\/v2\/pages\/523\/revisions\/578"}],"wp:attachment":[{"href":"http:\/\/www.grundschule-retzstadt.de\/index.php?rest_route=%2Fwp%2Fv2%2Fmedia&parent=523"}],"curies":[{"name":"wp","href":"https:\/\/api.w.org\/{rel}","templated":true}]}}