{"id":412,"date":"2011-11-06T12:38:27","date_gmt":"2011-11-06T12:38:27","guid":{"rendered":"http:\/\/www.grundschule-retzstadt.de\/?page_id=412"},"modified":"2025-12-14T19:48:38","modified_gmt":"2025-12-14T17:48:38","slug":"elternbeirat-vorstand","status":"publish","type":"page","link":"http:\/\/www.grundschule-retzstadt.de\/?page_id=412","title":{"rendered":"Elternbeirat &#8211; Vorstand"},"content":{"rendered":"<p><strong>Der Elternbeirat der Grundschule Retzstadt stellt sich vor:\u00a0<\/strong><\/p>\n<p>Zu Beginn des Schuljahres 2025\/2026 wurde ein neuer Elternbeirat f\u00fcr die n\u00e4chsten beiden Schuljahre gew\u00e4hlt:<\/p>\n<ol>\n<li>Vorsitzender: Sebastian May<\/li>\n<li>Vorsitzende: Julia M\u00fcller<br \/>\nSchriftf\u00fchrerin: Tina Hillinger<br \/>\nKassenf\u00fchrung: Verena Gerhard<br \/>\nBeisitzer\/in: Michael Eisenbacher, Julia Oestemer<\/li>\n<\/ol>\n\n\n<figure class=\"wp-block-image size-large\"><img loading=\"lazy\" decoding=\"async\" width=\"576\" height=\"1024\" src=\"http:\/\/www.grundschule-retzstadt.de\/wp-content\/uploads\/2025\/12\/20251124_193418-1-576x1024.jpg\" alt=\"\" class=\"wp-image-5577\" srcset=\"http:\/\/www.grundschule-retzstadt.de\/wp-content\/uploads\/2025\/12\/20251124_193418-1-576x1024.jpg 576w, http:\/\/www.grundschule-retzstadt.de\/wp-content\/uploads\/2025\/12\/20251124_193418-1-169x300.jpg 169w, http:\/\/www.grundschule-retzstadt.de\/wp-content\/uploads\/2025\/12\/20251124_193418-1-768x1365.jpg 768w, http:\/\/www.grundschule-retzstadt.de\/wp-content\/uploads\/2025\/12\/20251124_193418-1-864x1536.jpg 864w, http:\/\/www.grundschule-retzstadt.de\/wp-content\/uploads\/2025\/12\/20251124_193418-1-1152x2048.jpg 1152w, http:\/\/www.grundschule-retzstadt.de\/wp-content\/uploads\/2025\/12\/20251124_193418-1-152x270.jpg 152w, http:\/\/www.grundschule-retzstadt.de\/wp-content\/uploads\/2025\/12\/20251124_193418-1-scaled.jpg 1440w\" sizes=\"auto, (max-width: 576px) 100vw, 576px\" \/><\/figure>\n\n\n\n<p><\/p>\n","protected":false},"excerpt":{"rendered":"<p>Der Elternbeirat der Grundschule Retzstadt stellt sich vor:\u00a0 Zu Beginn des Schuljahres 2025\/2026 wurde ein neuer Elternbeirat f\u00fcr die n\u00e4chsten beiden Schuljahre gew\u00e4hlt: Vorsitzender: Sebastian May Vorsitzende: Julia M\u00fcller Schriftf\u00fchrerin: Tina Hillinger Kassenf\u00fchrung: Verena Gerhard Beisitzer\/in: Michael Eisenbacher, Julia Oestemer<\/p>\n","protected":false},"author":1,"featured_media":0,"parent":529,"menu_order":1,"comment_status":"closed","ping_status":"closed","template":"","meta":{"footnotes":""},"class_list":["post-412","page","type-page","status-publish","hentry"],"_links":{"self":[{"href":"http:\/\/www.grundschule-retzstadt.de\/index.php?rest_route=\/wp\/v2\/pages\/412","targetHints":{"allow":["GET"]}}],"collection":[{"href":"http:\/\/www.grundschule-retzstadt.de\/index.php?rest_route=\/wp\/v2\/pages"}],"about":[{"href":"http:\/\/www.grundschule-retzstadt.de\/index.php?rest_route=\/wp\/v2\/types\/page"}],"author":[{"embeddable":true,"href":"http:\/\/www.grundschule-retzstadt.de\/index.php?rest_route=\/wp\/v2\/users\/1"}],"replies":[{"embeddable":true,"href":"http:\/\/www.grundschule-retzstadt.de\/index.php?rest_route=%2Fwp%2Fv2%2Fcomments&post=412"}],"version-history":[{"count":28,"href":"http:\/\/www.grundschule-retzstadt.de\/index.php?rest_route=\/wp\/v2\/pages\/412\/revisions"}],"predecessor-version":[{"id":5578,"href":"http:\/\/www.grundschule-retzstadt.de\/index.php?rest_route=\/wp\/v2\/pages\/412\/revisions\/5578"}],"up":[{"embeddable":true,"href":"http:\/\/www.grundschule-retzstadt.de\/index.php?rest_route=\/wp\/v2\/pages\/529"}],"wp:attachment":[{"href":"http:\/\/www.grundschule-retzstadt.de\/index.php?rest_route=%2Fwp%2Fv2%2Fmedia&parent=412"}],"curies":[{"name":"wp","href":"https:\/\/api.w.org\/{rel}","templated":true}]}}

<p><strong>Der Elternbeirat der Grundschule Retzstadt stellt sich vor: </strong></p>
<p>Zu Beginn des Schuljahres 2025/2026 wurde ein neuer Elternbeirat für die nächsten beiden Schuljahre gewählt:</p>
<ol>
<li>Vorsitzender: Sebastian May</li>
<li>Vorsitzende: Julia Müller<br />
Schriftführerin: Tina Hillinger<br />
Kassenführung: Verena Gerhard<br />
Beisitzer/in: Michael Eisenbacher, Julia Oestemer</li>
</ol>


<figure class="wp-block-image size-large"><img loading="lazy" decoding="async" width="576" height="1024" src="http://www.grundschule-retzstadt.de/wp-content/uploads/2025/12/20251124_193418-1-576x1024.jpg" alt="" class="wp-image-5577" srcset="http://www.grundschule-retzstadt.de/wp-content/uploads/2025/12/20251124_193418-1-576x1024.jpg 576w, http://www.grundschule-retzstadt.de/wp-content/uploads/2025/12/20251124_193418-1-169x300.jpg 169w, http://www.grundschule-retzstadt.de/wp-content/uploads/2025/12/20251124_193418-1-768x1365.jpg 768w, http://www.grundschule-retzstadt.de/wp-content/uploads/2025/12/20251124_193418-1-864x1536.jpg 864w, http://www.grundschule-retzstadt.de/wp-content/uploads/2025/12/20251124_193418-1-1152x2048.jpg 1152w, http://www.grundschule-retzstadt.de/wp-content/uploads/2025/12/20251124_193418-1-152x270.jpg 152w, http://www.grundschule-retzstadt.de/wp-content/uploads/2025/12/20251124_193418-1-scaled.jpg 1440w" sizes="auto, (max-width: 576px) 100vw, 576px" /></figure>



<p></p>

<p>Der Elternbeirat der Grundschule Retzstadt stellt sich vor:  Zu Beginn des Schuljahres 2025/2026 wurde ein neuer Elternbeirat für die nächsten beiden Schuljahre gewählt: Vorsitzender: Sebastian May Vorsitzende: Julia Müller Schriftführerin: Tina Hillinger Kassenführung: Verena Gerhard Beisitzer/in: Michael Eisenbacher, Julia Oestemer</p>
